te the greatest common factor of 1088 and 27931.
17
Calculate the highest common factor of 54 and 3066.
6
What is the highest common factor of 626 and 1877374?
626
What is the highest common divisor of 549 and 14105457?
549
What is the highest common factor of 452886 and 17358?
1578
What is the greatest common factor of 10130 and 90?
10
Calculate the greatest common factor of 9339 and 23772.
849
Calculate the highest common factor of 39076 and 12.
4
What is the greatest common divisor of 747692 and 396?
44
What is the highest common factor of 6554 and 11074?
226
Calculate the greatest common divisor of 19072 and 992.
32
Calculate the highest common divisor of 6338004 and 24.
12
Calculate the greatest common factor of 1030 and 1433554.
206
Calculate the highest common factor of 45 and 73090.
5
Calculate the highest common factor of 36 and 277116.
12
Calculate the greatest common divisor of 72602 and 124.
62
Calculate the greatest common factor of 1382359 and 11.
11
What is the highest common factor of 1881 and 5472?
171
What is the greatest common factor of 84 and 27909?
21
What is the greatest common divisor of 45 and 2351574?
9
What is the greatest common factor of 209 and 1375?
11
Calculate the highest common factor of 525 and 7.
7
Calculate the highest common divisor of 844 and 184.
4
What is the greatest common factor of 47920 and 160?
80
What is the highest common factor of 53223 and 339?
339
What is the greatest common divisor of 146376 and 29104?
856
What is the highest common factor of 112 and 118664?
56
What is the greatest common divisor of 18081 and 162?
9
What is the greatest common factor of 155 and 66247?
31
Calculate the greatest common factor of 2400 and 29025.
75
What is the greatest common factor of 1470 and 14560?
70
What is the highest common divisor of 4687262 and 3496?
874
What is the greatest common divisor of 455 and 18109?
91
Calculate the greatest common divisor of 120 and 8545.
5
What is the highest common factor of 1104 and 5198?
46
What is the greatest common divisor of 2889 and 31565?
107
Calculate the greatest common factor of 2898 and 4805850.
966
What is the highest common divisor of 77207 and 520?
13
Calculate the greatest common factor of 32 and 127504.
16
Calculate the greatest common divisor of 11946 and 835134.
1086
What is the greatest common factor of 527 and 1768?
17
Calculate the greatest common divisor of 67681 and 477.
53
What is the greatest common divisor of 2314 and 110983?
89
Calculate the highest common factor of 3 and 67853.
1
Calculate the highest common divisor of 433 and 30.
1
What is the greatest common factor of 85059 and 468?
117
What is the greatest common divisor of 16 and 639824?
16
What is the highest common divisor of 54 and 145206?
54
What is the greatest common factor of 1054 and 13906?
34
What is the greatest common factor of 21020 and 7520?
20
Calculate the highest common divisor of 148 and 2776776.
148
What is the greatest common factor of 410612 and 12?
4
Calculate the highest common divisor of 12009708 and 808.
404
Calculate the highest common divisor of 240806 and 190.
38
Calculate the highest common factor of 3216 and 213060.
804
Calculate the greatest common factor of 32018 and 1344.
14
What is the greatest common factor of 2925 and 47385?
585
Calculate the highest common factor of 68 and 541076.
68
What is the greatest common divisor of 124942 and 716?
358
Calculate the greatest common factor of 117798 and 18.
6
What is the highest common factor of 1134 and 291?
3
Calculate the highest common factor of 51173 and 39256.
701
Calculate the greatest common factor of 335 and 1848329.
67
What is the highest common divisor of 1566 and 84274?
58
Calculate the greatest common factor of 517805 and 5.
5
Calculate the greatest common factor of 4758144 and 24.
24
What is the greatest common factor of 56970 and 1170?
90
What is the greatest common factor of 10 and 459590?
10
Calculate the highest common factor of 9632 and 5719.
301
Calculate the highest common factor of 72 and 130044.
12
Calculate the highest common factor of 96 and 1206112.
32
What is the greatest common divisor of 42576 and 96?
48
Calculate the greatest common factor of 7700 and 7150.
550
What is the greatest common factor of 6200 and 248?
248
What is the highest common divisor of 106050 and 6450?
150
Calculate the highest common factor of 440 and 115544.
88
What is the highest common divisor of 210 and 25074?
42
Calculate the greatest common factor of 7675 and 125.
25
What is the highest common divisor of 192 and 12144?
48
Calculate the highest common divisor of 3176043 and 4615.
923
What is the greatest common divisor of 1914 and 422?
2
Calculate the greatest common factor of 1 and 214499.
1
Calculate the greatest common factor of 13 and 1443949.
13
Calculate the greatest common divisor of 252 and 3516.
12
What is the highest common factor of 18157 and 4020?
67
Calculate the greatest common divisor of 552982 and 2264.
566
What is the highest common divisor of 167390 and 76?
38
Calculate the greatest common factor of 12668 and 4.
4
What is the highest common factor of 475785 and 9?
9
Calculate the highest common factor of 50874 and 41978.
278
Calculate the highest common divisor of 11511 and 40928.
1279
What is the highest common divisor of 132314 and 338?
26
What is the highest common divisor of 1722 and 293888?
574
Calculate the greatest common factor of 1925 and 22275.
275
Calculate the highest common factor of 4888 and 11656.
376
What is the highest common factor of 40513 and 29?
29
What is the greatest common factor of 714627 and 27?
9
Calculate the highest common factor of 18001 and 329.
47
What is the highest common factor of 17023 and 9425?
29
What is the highest common factor of 266828 and 492?
164
Calculate the highest common divisor of 44 and 648065.
11
Calculate the greatest common factor of 14703 and 36673.
169
Calculate the highest common divisor of 21 and 435631.
7
Calculate the greatest common divisor of 90 and 94005.
45
What is the greatest common factor of 19576 and 8?
8
What is the highest common divisor of 38033 and 146?
73
Calculate the greatest common divisor of 60 and 31092.
12
Calculate the greatest common factor of 5217 and 3807.
141
Calculate the greatest common factor of 882156 and 11.
11
Calculate the greatest common divisor of 8662 and 1098.
122
Calculate the highest common factor of 50336 and 29536.
416
What is the greatest common divisor of 816 and 216?
24
Calculate the greatest common factor of 84 and 128324.
28
What is the greatest common divisor of 3014 and 88?
22
Calculate the highest common factor of 2195 and 714253.
439
What is the highest common factor of 28 and 9289378?
14
Calculate the greatest common factor of 37260 and 4416.
276
What is the greatest common factor of 265892 and 616?
44
What is the greatest common divisor of 509 and 2112350?
509
What is the greatest common factor of 121099 and 2?
1
What is the greatest common divisor of 14514 and 2706?
246
What is the greatest common factor of 1161 and 81027?
27
Calculate the greatest common divisor of 15 and 2177355.
15
What is the highest common factor of 1000 and 376?
8
Calculate the highest common divisor of 2324 and 224764.
332
What is the highest common factor of 16956 and 708?
12
Calculate the greatest common factor of 34 and 64838.
34
Calculate the greatest common divisor of 243710 and 40.
10
Calculate the greatest common factor of 55552 and 80.
16
What is the highest common factor of 1555110 and 1332?
666
What is the greatest common divisor of 22 and 5962?
22
Calculate the highest common divisor of 8920 and 80.
40
What is the greatest common divisor of 553973 and 35?
7
What is the highest common factor of 167238 and 918?
54
Calculate the greatest common factor of 11680 and 96.
32
Calculate the greatest common factor of 7 and 76699.
7
What is the greatest common factor of 116 and 16521010?
58
Calculate the highest common divisor of 84568 and 440.
88
Calculate the highest common factor of 72036 and 11339.
667
What is the greatest common factor of 4039685 and 19?
19
Calculate the greatest common factor of 375 and 57125.
125
Calculate the greatest common divisor of 33156 and 162.
54
Calculate the greatest common divis